(q). What is t(-3)?
-11
Let k(c) be the third derivative of -c**5/60 - c**4/12 + 3*c**3/2 + 95*c**2. Calculate k(4).
-15
Let p(k) = -k - 51 + 27 + 25. Determine p(9).
-8
Let a(i) = -i**3 - 6*i**2 + 8*i + 8. Suppose g + 2*g + h + 16 = 0, 14 = -3*g - 2*h. What is a(g)?
-40
Let x(v) = -6*v + 7*v**3 + 3 + 7*v**3 + 4*v**3 - 19*v**3 + 6*v**2. Calculate x(5).
-2
Suppose -2*h + s + 2 = 12, 0 = -h + 3*s. Let n(k) = k**3 + 5*k**2 - 10*k - 9. Determine n(h).
15
Let s(c) = -c**2 + 6*c + 3. Suppose -2*a - 3*x + 24 = -x, -3*x - 14 = -2*a. Let q(f) = -f**3 + 10*f**2 + f - 3. Let j be q(a). Determine s(j).
-4
Let w(p) = -2 + p**2 + 0 - 2*p - 4*p**2 - p**3 - 2*p + 0*p**2. What is w(-3)?
10
Suppose 2*s = -1 + 3. Let b(n) be the first derivative of 13 - 1/2*n**2 + n. What is b(s)?
0
Suppose -3*d + 34 = -38. Let w(u) = -d*u + 8*u + 3 + 13*u. What is w(2)?
-3
Suppose 5*p = -2*g - 4, 5*g - 3*p - 48 = -p. Let f(r) = -r**2 + 10*r - 14. Calculate f(g).
2
Let v(o) = 3*o + 2. Let c(i) = 2*i - 2. Let q(j) = 7*j - 8. Let g(w) = -22*c(w) + 6*q(w). Let p be g(-4). What is v(p)?
14
Let r(a) be the second derivative of -1/2*a**3 + a + 1/2*a**2 + 0. Let u be (-2)/2*(156/104)/((-6)/8). Determine r(u).
-5
Let o be 0 - -26 - (-3 + 5). Suppose 4*x + 36 = -p, -o - 16 = 3*x + 4*p. Let y be ((-20)/x + -3)*2. Let w(s) = 10*s**2. Determine w(y).
10
Let j = 6 + -3. Let s(w) = w**2 - w - j*w - 9 - 2*w. Let r be 0 - (-5)/(20/28). Give s(r).
-2
Let b = -16 + 20. Let t(z) = 462 + b*z - 462. Give t(2).
8
Let n(h) be the first derivative of 7/2*h**2 - h + 13. Calculate n(1).
6
Suppose 0 = -3*j - 2*f + 65, 3*j - 5*f = 64 - 6. Let r = j + -8. Suppose -4*v + 17 = 5*p, -4*p + r = 2*v + v. Let a(q) = -q**3 + 4*q**2 - 5*q + 2. Give a(v).
-4
Let a(t) = -2*t**2 + 11*t + 5. Let c(b) = 4*b**2 - 20*b - 10. Let m(v) = 7*a(v) + 4*c(v). Determine m(-5).
60
Suppose 0 = -2*s - 2*k + 6, -2*s + 0*s + 5 = k. Let p(w) = -w**2 + 0 - 2 - s*w - w. Suppose 5*d - 4*n + 14 = -9, -5*d = 2*n + 11. Calculate p(d).
-2
Let y(m) = -m**3 + 17*m**2 + 8. Suppose 43 = 3*l + 5*j + 2, -3*l = -2*j - 55. What is y(l)?
8
Let r(z) = -z + 8. Let i be r(4). Let l(d) be the first derivative of d**3/3 - 5*d**2/2 + d + 22. Calculate l(i).
-3
Let o(f) = f**2 - 6*f - 2. Let k = 2 + 3. Suppose -k + 11 = 3*t. Suppose -5*d = -t*u - 13, u - 2 = -u + 2*d. Determine o(u).
-2
Let z(u) = u**3 + 3*u**2 + u - 1. Let h = 74 + -72. Suppose -4*m + 3*m = h*p, 0 = 2*p - 3*m + 16. Give z(p).
1
Let j(u) = 25*u**2 - u. Let n(s) = 5*s - 11. Let t be n(2). Calculate j(t).
26
Let x(j) = -2*j**3 + 3*j**2 + 2*j + 2. Let i be ((-312)/12)/(-260) + (-29)/(-10). Give x(i).
-19
Suppose -4*v - 11 = 5*m, -5*v + 9*v = -4*m - 12. Let d(w) = -2*w**3 - 5*w**2 + 2*w + 3. What is d(v)?
43
Suppose 10 = 5*h - q - 2*q, -25 = -5*q. Let c = 5 - h. Let i(r) = -r - 17. Determine i(c).
-17
Let z(k) = k**3 + 3*k**2 - 3*k + 9. Let n(c) = c**2 + 1. Suppose 0 = 5*d - d. Let r be (-2 - d)/(-4 - -2). Let v(t) = r*z(t) - 6*n(t). What is v(4)?
7
Suppose 3*u - 29 = -2*u - v, -5*u + 9 = -4*v. Let i(w) = -8*w. Give i(u).
-40
Let f(w) = -2*w + 1. Let v be (-3)/(-12) + 165/12. Let p = -13 + v. Let y be 2 + -2 + 3 - p. Calculate f(y).
-3
Let g(m) = -6*m + 2. Suppose l - 30 = -4*l. Suppose j - 1 = n, 2*n - 2*j + l*j + 8 = 0. Determine g(n).
14
Suppose 19*b - 197 = -45. Let w(o) = -5*o**2 + 11*o + 11. Let d(u) = -u**2 + u. Let k(r) = -4*d(r) + w(r). Determine k(b).
3
Let z(n) = n**2 + 3*n - 1. Let j = -136 + 132. What is z(j)?
3
Let m(u) be the third derivative of -1/6*u**4 + 2*u**2 + 0*u**3 + 0*u + 46. Suppose 0 = -3*r - j + 6, j - 2 = 4*r - j. Determine m(r).
-4
Let y(d) = d**2 + 5*d + 4. Suppose 35*o - 23 = -198. Calculate y(o).
4
Let b(u) = -9*u - 11. Let j(l) = -5*l - 6. Let a(i) = -3*b(i) + 5*j(i). Give a(-6).
-9
Let l = 48 - 43. Let v(g) = -14*g + 1 - 2 + l*g**3 + 16*g - 3*g**3. Give v(1).
3
Let s(b) = 4*b - 4. Let g(c) = 32*c + 3 - 17*c - 18*c. Let l be (-1 + 3)*3/(-2). Let a(z) = l*g(z) - 2*s(z). Determine a(4).
3
Suppose 4*q + 7 = 39. Let h(r) = -r + q - r - 6. What is h(-5)?
12
Let c(m) = m - 16. Let n be ((-14)/(-119))/1 - (-498)/102. Give c(n).
-11
Let s = 16 - 11. Suppose 2*k + 0 - 4 = 0. Let r(v) = -13*v**2 + s*v**2 + 5*v**2 + 2 + 7*v**k. Determine r(-2).
18
Let v = 235 - 231. Let g(i) be the first derivative of -i**4/4 + i**3 + 5*i**2/2 - 2. What is g(v)?
4
Let l(o) = o**3 - 6*o**2 + 6*o - 6. Let c(m) = m**3 - 9*m**2. Let q be c(9). Suppose -10 = -2*u - q*u. Suppose -p + 2*v - 13 = -2*p, 4*p = u*v. Determine l(p).
-1
Let p(u) be the first derivative of 1/3*u**3 - 4*u - u**2 - 6. Determine p(4).
4
Let a(q) = -q + 16. Let o be a(13). Let n(z) = -o*z**3 + 2*z + 14*z**2 + 4*z**3 - 17*z**2. What is n(2)?
0
Let n(l) = 698*l**2 - 1372*l**2 + 678*l**2 + 1. Suppose 2*r + 10 = -3*p, -r = -6*r - p + 1. Give n(r).
5
Let t(h) be the third derivative of -h**7/840 - h**6/45 - 7*h**5/120 - h**3/6 + 8*h**2. Let r(c) be the first derivative of t(c). What is r(-7)?
0
Let r(k) = k + 6. Let p(s) be the second derivative of s**2/2 + 11*s. Let t(w) = -2*p(w) - r(w). Let c(g) = g + 9. Let j(m) = -5*c(m) - 6*t(m). Determine j(3).
6
Suppose -7*k = -5*k - 56. Let n = k + -26. Suppose 5*v + n*d - 39 = 0, -4*d + 9 = 1. Let t(y) = y**2 - 7*y - 3. Calculate t(v).
-3
Suppose -3*c + 13 = u, u + 2*c + 1 = 6*c. Suppose -3*b + 16 = -u*b. Let s(h) = h**2 + 2*h + 5. Calculate s(b).
13
Let v(i) = -i**3 - 8*i**2 - 12*i + 13. Let t(s) = -3*s**3 - 16*s**2 - 25*s + 27. Let k(h) = 2*t(h) - 5*v(h). Calculate k(9).
-2
Let j(h) = 3*h**2 + h - 1. Let x = 29 - 24. Let f(o) = o**2 - 6*o - 4. Let b be f(x). Let k = -8 - b. Determine j(k).
3
Let x = -1/789 + 791/1578. Let q(w) be the second derivative of -7/12*w**4 + x*w**2 - 5/6*w**3 + 0 + 8*w - 1/20*w**5. What is q(-6)?
-5
Let l = -213 - -219. Let y(m) = m**3 - 7*m**2 + 4*m + 4. Determine y(l).
-8
Let i(h) = -h - 11. Suppose 18 = c + 3*l, -17 + 87 = 5*c + 5*l. Suppose 22 + 43 = -3*b - k, k = -2*b - 45. Let p = b + c. What is i(p)?
-3
Suppose 0*j + 7*j - 700 = 0. Let y = j - 107. Let p(c) = c**3 + 6*c**2 - 8*c - 5. Give p(y).
2
Let s(g) = -5*g**2 + 15*g - 40*g + g**2 + g**3 + 13*g + 14*g + 4. What is s(3)?
1
Suppose -4*h = 2*h - 12. Let u = 24 - 16. Suppose 0*r = h*r - u. Let g(a) = -a. Determine g(r).
-4
Let y be 0*((-15)/(-18) + (-2)/6). Let i(c) = -c**2 + 2*c + 18. Give i(y).
18
Let m(f) = -10*f + 10. Let v(x) = -x + 6 - 2 - 3*x. Let s(c) = -5*m(c) + 12*v(c). Let a = 4554 - 4552. Calculate s(a).
2
Let k(n) = 3*n + 2 - 6*n + n**3 + 0 - 5*n**2. Let d be 0 + (-8)/((-2)/1). Let z = d - -1. Determine k(z).
-13
Let x = -530 - -521. Let n(y) = -y**2 - 11*y - 2. Give n(x).
16
Let d(u) = -1 + 75*u + 70*u + 0 - 220*u + 74*u. Suppose -4*q = 2 - 22. Suppose 0*i = -q*i + r - 4, i + 16 = 4*r. Calculate d(i).
-1
Let d be (1 - 3)/((-6)/(-33)). Let u(h) = -h**3 - 12*h**2 - 12*h - 9. Let r be u(d). Let o(z) = -6*z + 6 - 2 - 4*z**2 + 3*z**2 + r. Calculate o(-5).
11
Let n(l) = 3*l**2 + l + 1. Let q(x) = x**3 + 3*x**2 + 4*x - 7. Let v(o) = 2*n(o) - q(o). What is v(4)?
-15
Let i(q) = -q**2 + q - 5. Let c be (-8 + -38)*(-2)/4. Let o = c - 23. What is i(o)?
-5
Let s(g) be the second derivative of 4*g**2 + 18*g + 0 - 1/3*g**3. What is s(5)?
-2
Let v(f) = f**3 - 4*f**2 - 5. Let o be ((-16)/9)/(-4) - (-224)/63. Give v(o).
-5
Let c(h) = 4*h**3 - h. Let i be c(1). Let r(p) be the second derivative of p**3/3 + 3*p**2/2 - 15*p. Let k(w) = -1. Let z(g) = -4*k(g) - r(g). What is z(i)?
-5
Let t = 20 + -14. Let r(u) be the second derivative of -1/2*u**3 + 4*u**2 + 0 + 19*u. Give r(t).
-10
Suppose -12 = 4*t - 0*t. Let v(n) be the second derivative of 3/2*n**2 + n**3 + 1/12*n**4 + 0 - 4*n. Give v(t).
-6
Let u be -2*((-9)/2 + 2). Let g(i) be the third derivative of -i**4/8 + 7*i**3/6 + 9*i**2. Give g(u).
-8
Let c(s) = 2*s. Suppose 4*f + 4 = 0, -3*h + 3*f + 7 = 2*f. Let a be (-8)/h - (-11 - -6). Calculate c(a).
2
Let q(y) = 5. Let w(a) = -a - 5. Suppose 0 = -0*i + 3*i - 9. Let u(v) = i*q(v) + 2*w(v). What is u(6)?
-7
Let r(l) be the first derivative of l**4/4 - 5*l**3/3 - 5*l**2/2 - 6*l - 4. Let s = 152 - 146. Calculate r(s).
0
Let c(u) = -8*u + 38. Let d(v) = -41*v + 210. Let p(y) = -11*c(y) + 2*d(y). What is p(-4)?
-22
Suppose -5*n - 20 = 3*s, 4*n - 6*n - s - 8 = 0. Let j(k) = -k**2 - 4*k - 6. What is j(n)?
-6
L